r?
3, 13
Suppose q + 55 = 3*i - q, 5*q = -2*i + 24. List the prime factors of i.
17
Let u(k) = -k**2 - 9*k - 9. Let o = -9 - -2. List the prime factors of u(o).
5
Let w be 2/1 + -1 + 41. Let v = -27 + w. List the prime factors of -5*(2 - 66/v).
2, 3
Let q = 151 - -90. List the prime factors of q.
241
Let w(t) = -5*t - 1. Let d be w(-1). Suppose -4*g - d*j + 28 = -2*j, 4*g + 4*j - 28 = 0. What are the prime factors of g?
7
Suppose -57 - 30 = -3*t. List the prime factors of t.
29
Let j(u) = u**3 + 9*u**2 + 15*u + 4. Let t be j(-7). Let g(l) = -l**3 + 3*l - 2. What are the prime factors of g(t)?
2
List the prime factors of 2 + 18 - (2 + 1).
17
Let r(n) = -n**2 - 4*n**2 + 4*n**2 + 7. List the prime factors of r(0).
7
Let v = -2 + 3. Suppose 31 = m - 4*g, -2*g = 9 - v. Suppose -5 = -5*n + m. What are the prime factors of n?
2
Let w(h) = -h**3 - 2*h**2 - 7. What are the prime factors of w(-3)?
2
Let g = 11 + -2. List the prime factors of g.
3
Suppose 0 = -4*b + 2*b. Suppose 5*w = -b*w - 25. Let k(f) = f**3 + 6*f**2 + 3*f + 1. What are the prime factors of k(w)?
11
Suppose 219 + 51 = 5*p. Suppose p = 5*a + 4. List the prime factors of a.
2, 5
What are the prime factors of (-3 - (0 - 4))*32?
2
What are the prime factors of ((-564)/(-9))/((-22)/(-33))?
2, 47
Suppose 0 = 4*k - 153 - 63. Suppose 0*y - 4*y = 3*s - 73, 2*y - k = 2*s. What are the prime factors of y?
2, 11
Let y(n) = n**2 + 4. What are the prime factors of y(-9)?
5, 17
Suppose 20*s - 2 = 18*s. What are the prime factors of 0 + 9 + -2 + s?
2
Let a(b) = -b**2 + 21*b + 41. List the prime factors of a(19).
79
Let n(b) = b**2 - 5*b + 2. Let v be n(5). Suppose -5*d + 35 = 3*y, 14 = 4*d - y - 31. Suppose 4 + d = v*a. What are the prime factors of a?
7
List the prime factors of (-6)/(-14) + (-288)/(-112).
3
List the prime factors of (4/2 - 3)/((-1)/330).
2, 3, 5, 11
What are the prime factors of 2*7/(35/370)?
2, 37
Let r be (-2 - -12)*(-2)/(-5). Let x = 4 + r. List the prime factors of x.
2
Let x = 7 + 12. What are the prime factors of x?
19
Suppose -3*w + 57 = -5*k - 147, 117 = 2*w + 3*k. Suppose 3*y = -21 + w. List the prime factors of y.
2, 7
Let h(r) = 6*r**2 + 2*r + 3. Let u be h(3). Suppose -8*x = -3*x - 20. Suppose u - 15 = x*t. List the prime factors of t.
2, 3
Suppose 2*y = -o + 12, -5*y + 29 = o + o. Suppose 4*z + 25 = -0*s + s, -y*z + s = 30. What are the prime factors of (6/(-7))/(z/35)?
2, 3
Suppose 0 = -x - 0*x. Suppose x = 2*p + 2*n, -2*n + 5*n = 2*p - 20. List the prime factors of p.
2
Let y(d) be the first derivative of d**3/3 + 3*d**2/2 + 3*d - 1. Let w be y(-3). Suppose -w*c = c - 32. What are the prime factors of c?
2
What are the prime factors of -1 + -1 - (6 + -3 - 170)?
3, 5, 11
Let j(n) = 2*n + 2. Suppose -3*h - 9 = 4*o, -3*h - o - 12 = h. Let v be (-1)/(-2)*(3 - h). What are the prime factors of j(v)?
2
Let l = -5 + 21. What are the prime factors of l?
2
Let x(h) be the second derivative of -h**3/6 + 2*h**2 - 2*h. Let a be x(4). List the prime factors of (-3 - -2) + 4 - a.
3
Let z(o) be the third derivative of o**5/60 - o**4/8 - o**3/2 - 2*o**2. Let x be z(3). Let d(u) = -u**3 - u**2 + 3*u - 2. List the prime factors of d(x).
7
Let q(y) = 111*y - 8. What are the prime factors of q(1)?
103
Let n be ((-4)/(-6))/((-2)/3). Let c = n - -5. List the prime factors of c.
2
Let y(h) = -h. Let j be ((-4)/10)/(1/10). Let r be y(j). Suppose 4*g = -3*t + 2*g + 52, -t = r*g - 34. List the prime factors of t.
2, 7
Let v(j) = j - 4. Let c be v(0). Let g(k) be the first derivative of k**3/3 + 3*k**2/2 + k - 4. List the prime factors of g(c).
5
Let y = 129 - 105. What are the prime factors of y?
2, 3
Let u(c) be the third derivative of -c**4/8 - 5*c**3/3 - 3*c**2. List the prime factors of u(-8).
2, 7
What are the prime factors of (0 - 3)/((-6)/32)?
2
Let h(p) = -5*p - 2. List the prime factors of h(-4).
2, 3
List the prime factors of 346/14 + (-4)/(-14).
5
Let z be 1/2 - 90/(-4). Let k = 24 + -21. Suppose 4*d - z = -5*n, -k*d = 2*n - 4*d - 17. What are the prime factors of n?
7
Let a be -2*1/2 - -9. Let o = 14 - a. List the prime factors of o.
2, 3
Let p(j) = -j**2 + 6*j - 1. Let k be 2*3 + 2/(-2). List the prime factors of p(k).
2
Let k = 26 - -16. What are the prime factors of k?
2, 3, 7
Suppose 4*u = -5*u + 2160. List the prime factors of u.
2, 3, 5
Let i(q) = -26*q + 2. Let k be i(-2). Suppose -4*j + k = 2*p - 2, 3*j = p - 43. List the prime factors of p.
2, 17
Let j(z) = z**3 - 16*z**2 + 16*z - 7. List the prime factors of j(15).
2
Let w(t) be the second derivative of 3*t**5/20 - t**4/4 + t**3/3 - t**2/2 + 2*t. List the prime factors of w(2).
3, 5
Suppose -3*t = -0*t - 2*r - 32, -2*t + 4*r + 32 = 0. Suppose 4*z = 3*a - 12, -3*z = z + 2*a - t. Suppose z = m - 6*m + 60. List the prime factors of m.
2, 3
Let j = 14 - 8. Let h be 2/j + (-56)/6. What are the prime factors of (-6)/(-9)*-1*h?
2, 3
Let p = -71 - -98. List the prime factors of p.
3
Suppose 3*z - 72 = 114. Suppose 4*a + y = z, -a - 2*y + 34 = a. List the prime factors of a.
3, 5
Let r = 3 + -3. Suppose 5*k - 39 = -r*l + 3*l, l + 3 = 0. List the prime factors of k.
2, 3
Suppose 5*a + 5 = 20. Suppose -a*v + 7*v = 16. What are the prime factors of v?
2
Suppose -4*x + 14 = -0*q + 2*q, 0 = -3*q - 5*x + 25. List the prime factors of q.
3, 5
Let r(h) = h - 2. Let w be r(-4). Let m = -2 - w. Suppose m*z - 45 = -z. List the prime factors of z.
3
Let r(a) = -a. Let p be r(-4). Let b = -8 + 8. Suppose -2*h + p = -b*h. List the prime factors of h.
2
Let p = 297 - 148. What are the prime factors of p?
149
What are the prime factors of 4/(-6)*-25*1*3?
2, 5
Suppose 4*j + 352 = -4*r, j - 5*j - 79 = r. What are the prime factors of (r/(-21))/(2/6)?
13
Let k(i) = -i**3 + 3*i**2 + i. Let r be 2 + 2 + 2 + -3. Let n be k(r). Suppose -4 = n*m - 22. What are the prime factors of m?
2, 3
Let q(w) = w**2 - 8*w + 10. Let u be 2/8 + 54/8. Let p be q(u). Suppose p = -j, r - 2*j = 3*j + 25. List the prime factors of r.
2, 5
Let v be (-6)/4*(-8)/3. Let j be v/10 - 676/(-10). Suppose l = -5*k + 115, 4*l = -3*k + 7*k - j. What are the prime factors of k?
2, 11
Let n be 2 + 3 + -1 + -14. Let w = n - -4. List the prime factors of 12*(4/w - -1).
2
Suppose 32 = g - 0*g. List the prime factors of g.
2
Let w(z) = -22*z - 2. List the prime factors of w(-3).
2
Let j(i) be the first derivative of i**5/60 - 5*i**4/12 + i**3/3 - 3*i**2/2 - 2. Let y(t) be the second derivative of j(t). What are the prime factors of y(11)?
13
Suppose -2*t + 30 = t. Let q = t - 7. What are the prime factors of q?
3
Suppose 0 = 5*z - 10*z + 195. List the prime factors of z.
3, 13
Let m(u) = -9*u - 10. What are the prime factors of m(-7)?
53
Suppose 277 = 3*m - 0*m + 4*s, 0 = -3*m + 5*s + 268. List the prime factors of m.
7, 13
Let c(w) = -w**3 - 6*w**2 + 7*w - 5. Let m be c(-7). Let p be 1/(-5) - 16/m. Suppose -5*y = -17 - p. What are the prime factors of y?
2
Suppose 5*a - 10*a - 220 = 0. Let d = a - -74. What are the prime factors of d?
2, 3, 5
Suppose 0 = 5*b + 250. Let o = b + 30. What are the prime factors of 39/5 + (-4)/o?
2
Let f(x) = -3*x - 1. Let q(h) = -2*h - 1. Let d(b) = 4*f(b) - 7*q(b). List the prime factors of d(11).
5
Let t(z) = -3*z**3 + z**2 + 2*z + 1. Let p be t(-1). Suppose 5*v + 60 = 8*v. Suppose 16 = 3*m - 2*n, -2*m + v - 1 = -p*n. What are the prime factors of m?
2
Let z(o) = 2*o**2 + 4*o**3 - 3*o - 3*o**3 + 9*o + 5*o**2. Let v be z(-4). Suppose -6*n + v = -3*n. What are the prime factors of n?
2
Let v(i) = i**3 - 2*i**2 + i - 3. List the prime factors of v(3).
3
Suppose 0 = -0*l + 3*l + 6. List the prime factors of (2 - -4) + (1 - l).
3
Suppose -3*y + 228 = -33. List the prime factors of y.
3, 29
Let v(t) = t**2 - 8*t - 4. Let u be v(9). Suppose -4*l = u*w - 56, 0 = 3*l - 2*w - 13 - 29. List the prime factors of l.
2, 7
Let k(w) = w**3 + 4*w**2 - 7*w + 2. Let c be k(-5). Let i be ((-56)/c)/(4/(-18)). Suppose 5*d - i = 14. What are the prime factors of d?
7
Let o = 37 - 20. Suppose -5*z + 3 = -o. Suppose z*x - 7 - 53 = 0. List the prime factors of x.
3, 5
Let h be 70/6*(7 + -10). Let o = -22 - h. What are the prime factors of o?
13
Suppose -6*g + 6 = -g - a, 3*a = -4*g + 20. What are the prime factors of g?
2
Let u = -14 + 2. Let a(j) = j + 24. What are the prime 